{"id":7580,"date":"2026-01-04T21:11:27","date_gmt":"2026-01-05T00:11:27","guid":{"rendered":"https:\/\/scriptsbarato.com\/?post_type=product&#038;p=7580"},"modified":"2026-02-19T08:31:11","modified_gmt":"2026-02-19T11:31:11","slug":"site-pronto-para-afiliados-shopee-facil-instalacao","status":"publish","type":"product","link":"https:\/\/scriptsbarato.com\/?product=site-pronto-para-afiliados-shopee-facil-instalacao","title":{"rendered":"Site Pronto para Afiliados Shopee \u2013 F\u00e1cil Instala\u00e7\u00e3o!"},"content":{"rendered":"<p>\ud83d\ude80envio imediato &#8211; estamos online<\/p>\n<p><a href=\"https:\/\/afiliado.scriptsbarato.com\/\"><img decoding=\"async\" class=\"alignnone size-full wp-image-1766\" src=\"https:\/\/scriptsbarato.com\/wp-content\/uploads\/2025\/09\/veraovivo.png\" alt=\"\" width=\"276\" height=\"43\" srcset=\"https:\/\/scriptsbarato.com\/wp-content\/uploads\/2025\/09\/veraovivo.png 276w, https:\/\/scriptsbarato.com\/wp-content\/uploads\/2025\/09\/veraovivo-64x10.png 64w\" sizes=\"(max-width: 276px) 100vw, 276px\" \/><\/a><\/p>\n<p>\ud83d\ude80 Tenha seu pr\u00f3prio site de achadinhos em minutos!<br \/>\n\ud83d\udcbb Desenvolvido em WordPress, instala\u00e7\u00e3o super simples via All in One Migration \u2013 qualquer pessoa consegue instalar!<\/p>\n<p>\ud83d\uded2 Site exclusivo para Afiliados Shopee:<br \/>\n\u2705 Adicione o c\u00f3digo do produto<br \/>\n\u2705 Redirecione seus clientes direto para o site ou app da Shopee<br \/>\n\u2705 Acompanha ja alguns Produtos j\u00e1 configurados, basta editar pelo seu c\u00f3digo de afiliado.<\/p>\n<p>\u2728 Vantagens:<br \/>\n\ud83d\udd17 Instala\u00e7\u00e3o r\u00e1pida e descomplicada via all in one migration<br \/>\n\ud83d\udce6 Estrutura profissional pronta<br \/>\n\u26a1 100% otimizado para afiliados<br \/>\n\ud83d\udcc8 Aumente suas vendas e comiss\u00f5es sem complica\u00e7\u00e3o<\/p>\n<p>\ud83d\udc68\u200d\ud83d\udcbb Vendedor Verificado\u00a0 para sua seguran\u00e7a, s\u00f3 compre esse produto por aqui!<\/p>\n<p>\ud83d\udd25 Transforme seus links em um site profissional de afiliados e comece a lucrar hoje mesmo!<\/p>\n<p>Caso tenha d\u00favidas perguntar no chat antes da compra!<\/p>\n<p>&nbsp;<\/p>\n","protected":false},"excerpt":{"rendered":"<p>\ud83d\ude80envio imediato &#8211; estamos online \ud83d\ude80 Tenha seu pr\u00f3prio site de achadinhos em minutos! \ud83d\udcbb Desenvolvido em WordPress, instala\u00e7\u00e3o super simples via All in One Migration \u2013 qualquer pessoa consegue instalar! \ud83d\uded2 Site exclusivo para Afiliados Shopee: \u2705 Adicione o c\u00f3digo do produto \u2705 Redirecione seus clientes direto para o site ou app da Shopee [&hellip;]<\/p>\n","protected":false},"featured_media":7582,"template":"","meta":[],"product_brand":[],"product_cat":[15,90],"product_tag":[],"class_list":{"0":"post-7580","1":"product","2":"type-product","3":"status-publish","4":"has-post-thumbnail","6":"product_cat-sites-em-wordpress","7":"product_cat-afiliados","9":"first","10":"instock","11":"sale","12":"downloadable","13":"virtual","14":"purchasable","15":"product-type-simple"},"_links":{"self":[{"href":"https:\/\/scriptsbarato.com\/index.php?rest_route=\/wp\/v2\/product\/7580","targetHints":{"allow":["GET"]}}],"collection":[{"href":"https:\/\/scriptsbarato.com\/index.php?rest_route=\/wp\/v2\/product"}],"about":[{"href":"https:\/\/scriptsbarato.com\/index.php?rest_route=\/wp\/v2\/types\/product"}],"wp:featuredmedia":[{"embeddable":true,"href":"https:\/\/scriptsbarato.com\/index.php?rest_route=\/wp\/v2\/media\/7582"}],"wp:attachment":[{"href":"https:\/\/scriptsbarato.com\/index.php?rest_route=%2Fwp%2Fv2%2Fmedia&parent=7580"}],"wp:term":[{"taxonomy":"product_brand","embeddable":true,"href":"https:\/\/scriptsbarato.com\/index.php?rest_route=%2Fwp%2Fv2%2Fproduct_brand&post=7580"},{"taxonomy":"product_cat","embeddable":true,"href":"https:\/\/scriptsbarato.com\/index.php?rest_route=%2Fwp%2Fv2%2Fproduct_cat&post=7580"},{"taxonomy":"product_tag","embeddable":true,"href":"https:\/\/scriptsbarato.com\/index.php?rest_route=%2Fwp%2Fv2%2Fproduct_tag&post=7580"}],"curies":[{"name":"wp","href":"https:\/\/api.w.org\/{rel}","templated":true}]}}