{"id":7545,"date":"2025-12-06T15:13:51","date_gmt":"2025-12-06T18:13:51","guid":{"rendered":"https:\/\/scriptsbarato.com\/?post_type=product&#038;p=7545"},"modified":"2025-12-06T15:58:43","modified_gmt":"2025-12-06T18:58:43","slug":"script-cassino-spacepix-php-8-2","status":"publish","type":"product","link":"https:\/\/scriptsbarato.com\/?product=script-cassino-spacepix-php-8-2","title":{"rendered":"Script Cassino SpacePix PHP 8.2"},"content":{"rendered":"<p>Script de jogos com op\u00e7\u00e3o de API de casas de jogos fornecedoras, cont\u00e9m partes em lingua inglesa, podendo ser alterado por ser c\u00f3digo aberto.<\/p>\n<p>Designer bonito, painel de controle, formas de pagamentos Suitpay.<\/p>\n<p>Aten\u00e7\u00e3o esse produto exige que voc\u00ea tenha conhecimento de programa\u00e7\u00e3o e configura\u00e7\u00e3o de hospedagem para seu pleno funcionamento.<\/p>\n<p>Acompanha manual de instala\u00e7\u00e3o em bloco de notas.<\/p>\n<p>Requisitos M\u00ednimos:<\/p>\n<p>Hospedagem Cpanel<\/p>\n<p>PHP 8.2<\/p>\n<p><strong>N\u00e3o fornecemos suporte a instala\u00e7\u00e3o, muito menos suporte a esse produto. Toda a configura\u00e7\u00e3o \u00e9 por conta do comprador.<\/strong><\/p>\n","protected":false},"excerpt":{"rendered":"<p>Script de jogos com op\u00e7\u00e3o de API de casas de jogos fornecedoras, cont\u00e9m partes em lingua inglesa, podendo ser alterado por ser c\u00f3digo aberto. Designer bonito, painel de controle, formas de pagamentos Suitpay. Aten\u00e7\u00e3o esse produto exige que voc\u00ea tenha conhecimento de programa\u00e7\u00e3o e configura\u00e7\u00e3o de hospedagem para seu pleno funcionamento. Acompanha manual de instala\u00e7\u00e3o [&hellip;]<\/p>\n","protected":false},"featured_media":7546,"template":"","meta":[],"product_brand":[],"product_cat":[72],"product_tag":[],"class_list":{"0":"post-7545","1":"product","2":"type-product","3":"status-publish","4":"has-post-thumbnail","6":"product_cat-plataformas-de-jogos","8":"first","9":"instock","10":"downloadable","11":"virtual","12":"purchasable","13":"product-type-simple"},"_links":{"self":[{"href":"https:\/\/scriptsbarato.com\/index.php?rest_route=\/wp\/v2\/product\/7545","targetHints":{"allow":["GET"]}}],"collection":[{"href":"https:\/\/scriptsbarato.com\/index.php?rest_route=\/wp\/v2\/product"}],"about":[{"href":"https:\/\/scriptsbarato.com\/index.php?rest_route=\/wp\/v2\/types\/product"}],"wp:featuredmedia":[{"embeddable":true,"href":"https:\/\/scriptsbarato.com\/index.php?rest_route=\/wp\/v2\/media\/7546"}],"wp:attachment":[{"href":"https:\/\/scriptsbarato.com\/index.php?rest_route=%2Fwp%2Fv2%2Fmedia&parent=7545"}],"wp:term":[{"taxonomy":"product_brand","embeddable":true,"href":"https:\/\/scriptsbarato.com\/index.php?rest_route=%2Fwp%2Fv2%2Fproduct_brand&post=7545"},{"taxonomy":"product_cat","embeddable":true,"href":"https:\/\/scriptsbarato.com\/index.php?rest_route=%2Fwp%2Fv2%2Fproduct_cat&post=7545"},{"taxonomy":"product_tag","embeddable":true,"href":"https:\/\/scriptsbarato.com\/index.php?rest_route=%2Fwp%2Fv2%2Fproduct_tag&post=7545"}],"curies":[{"name":"wp","href":"https:\/\/api.w.org\/{rel}","templated":true}]}}