{"id":1742,"date":"2025-09-18T10:35:06","date_gmt":"2025-09-18T13:35:06","guid":{"rendered":"https:\/\/loja.scriptsbarato.com\/?post_type=product&#038;p=1742"},"modified":"2025-09-24T14:50:51","modified_gmt":"2025-09-24T17:50:51","slug":"script-para-area-de-membros-nook-members-v2-wordpress","status":"publish","type":"product","link":"https:\/\/scriptsbarato.com\/?product=script-para-area-de-membros-nook-members-v2-wordpress","title":{"rendered":"Script para \u00e1rea de membros"},"content":{"rendered":"<p>Nook Members V2 &#8211; Script para \u00c1rea de Membros<\/p>\n<p>&nbsp;<\/p>\n<p>A Nook Members V2 \u00e9 uma vers\u00e3o alternativa da famosa Nook Members V1, com design atraente e responsivo que transmite um profissionalismo incontest\u00e1vel para o seu cliente. Este script roda em WordPress e tem integra\u00e7\u00e3o com WooCommerce e Tutor LMS, sendo um sistema completo para quem deseja evitar as taxas de plataformas de terceiros. Tenha sua pr\u00f3pria \u00e1rea de membros profissional para vender seus produtos digitais. Para quem quer construir um neg\u00f3cio s\u00f3lido na internet, ter uma plataforma pr\u00f3pria \u00e9 a melhor alternativa. Lembrando que voc\u00ea pode instalar essa plataforma quantas vezes quiser, sem bloqueios, e personaliz\u00e1-la com logomarcas e cores.<\/p>\n<p>N\u00e3o tem suporte para nenhum tipo de \u201d modifica\u00e7\u00e3o \u201c, somente na instala\u00e7\u00e3o em hospedagem com os requisitos informados abaixo.<\/p>\n<p>Garantia de Funcionamento somente para hospedagem com:<\/p>\n<p>Linux Cpanel Php 7.4<\/p>\n","protected":false},"excerpt":{"rendered":"<p>Nook Members V2 &#8211; Script para \u00c1rea de Membros &nbsp; A Nook Members V2 \u00e9 uma vers\u00e3o alternativa da famosa Nook Members V1, com design atraente e responsivo que transmite um profissionalismo incontest\u00e1vel para o seu cliente. Este script roda em WordPress e tem integra\u00e7\u00e3o com WooCommerce e Tutor LMS, sendo um sistema completo para [&hellip;]<\/p>\n","protected":false},"featured_media":1741,"template":"","meta":[],"product_brand":[],"product_cat":[15,81],"product_tag":[],"class_list":{"0":"post-1742","1":"product","2":"type-product","3":"status-publish","4":"has-post-thumbnail","6":"product_cat-sites-em-wordpress","7":"product_cat-gerenciamento","9":"first","10":"instock","11":"downloadable","12":"virtual","13":"purchasable","14":"product-type-simple"},"_links":{"self":[{"href":"https:\/\/scriptsbarato.com\/index.php?rest_route=\/wp\/v2\/product\/1742","targetHints":{"allow":["GET"]}}],"collection":[{"href":"https:\/\/scriptsbarato.com\/index.php?rest_route=\/wp\/v2\/product"}],"about":[{"href":"https:\/\/scriptsbarato.com\/index.php?rest_route=\/wp\/v2\/types\/product"}],"wp:featuredmedia":[{"embeddable":true,"href":"https:\/\/scriptsbarato.com\/index.php?rest_route=\/wp\/v2\/media\/1741"}],"wp:attachment":[{"href":"https:\/\/scriptsbarato.com\/index.php?rest_route=%2Fwp%2Fv2%2Fmedia&parent=1742"}],"wp:term":[{"taxonomy":"product_brand","embeddable":true,"href":"https:\/\/scriptsbarato.com\/index.php?rest_route=%2Fwp%2Fv2%2Fproduct_brand&post=1742"},{"taxonomy":"product_cat","embeddable":true,"href":"https:\/\/scriptsbarato.com\/index.php?rest_route=%2Fwp%2Fv2%2Fproduct_cat&post=1742"},{"taxonomy":"product_tag","embeddable":true,"href":"https:\/\/scriptsbarato.com\/index.php?rest_route=%2Fwp%2Fv2%2Fproduct_tag&post=1742"}],"curies":[{"name":"wp","href":"https:\/\/api.w.org\/{rel}","templated":true}]}}