{"id":1563,"date":"2025-09-15T15:40:43","date_gmt":"2025-09-15T18:40:43","guid":{"rendered":"https:\/\/cofresecia.com.br\/loja\/?post_type=product&#038;p=1563"},"modified":"2025-09-17T14:57:10","modified_gmt":"2025-09-17T17:57:10","slug":"script-php-advogado-advmaster","status":"publish","type":"product","link":"https:\/\/scriptsbarato.com\/?product=script-php-advogado-advmaster","title":{"rendered":"Script PHP Advogado \u2013 AdvMaster"},"content":{"rendered":"<h3 style=\"text-align: center;\"><a href=\"https:\/\/demo2025.x10.mx\/\">Demonstra\u00e7\u00e3o<\/a><\/h3>\n<p style=\"text-align: center;\">Email:\u00a0<span style=\"color: #828bb2; font-family: Poppins, sans-serif;\"><b>admin@teste.com<\/b><\/span><br \/>\nSenha: Admin@123<\/p>\n<p>Em Laravel, php 7.4, com pacote de tradu\u00e7\u00e3o padr\u00e3o j\u00e1 traduzido para o portugu\u00eas<\/p>\n<p><strong>Menu \/ Funcionalidades:<\/strong><\/p>\n<p>Dashboard com resumos r\u00e1pidos<br \/>\nContatos<br \/>\nClientes<br \/>\nCasos<br \/>\nAdvogados Opositores<br \/>\nLista de Lobby<br \/>\nColocar lista de datas<br \/>\nTribunais<br \/>\nAgendamento<br \/>\nTarefas<br \/>\nLista de Afazeres<br \/>\nRecursos Humanos<br \/>\nLicen\u00e7as<br \/>\nConfigurar<br \/>\nConfigura\u00e7\u00f5es<br \/>\nEstilos<br \/>\nUtilidades<\/p>\n<p><strong>\u2014<\/strong><\/p>\n<p><strong>N\u00e3o inclui suporte de utiliza\u00e7\u00e3o, configura\u00e7\u00e3o, modifica\u00e7\u00f5es ou altera\u00e7\u00f5es, voc\u00ea recebe o script com o funcionamento igual ao demo, o script tem c\u00f3digo aberto, voc\u00ea tendo conhecimento poder\u00e1 alterar o que quiser nele.<\/strong><\/p>\n<p><strong>O Suporte \u00e9 via email, apenas suporte para d\u00favidas de instala\u00e7\u00e3o caso tenha alguma d\u00favida (\u00e9 necess\u00e1rio que o usu\u00e1rio instale o script em hospedagem com os requisitos informados).<\/strong><\/p>\n<p><strong>Garantia de Funcionamento Somente para Hospedagem Com:<\/strong><br \/>\n\u2013 Servidor Linux com cPanel da (cpanel.net)<br \/>\n\u2013 PHP 7.4<br \/>\n\u2013 Apache<br \/>\n\u2013 phpMyAdmin<br \/>\n\u2013 MySQL<\/p>\n","protected":false},"excerpt":{"rendered":"<p>Demonstra\u00e7\u00e3o Email:\u00a0admin@teste.com Senha: Admin@123 Em Laravel, php 7.4, com pacote de tradu\u00e7\u00e3o padr\u00e3o j\u00e1 traduzido para o portugu\u00eas Menu \/ Funcionalidades: Dashboard com resumos r\u00e1pidos Contatos Clientes Casos Advogados Opositores Lista de Lobby Colocar lista de datas Tribunais Agendamento Tarefas Lista de Afazeres Recursos Humanos Licen\u00e7as Configurar Configura\u00e7\u00f5es Estilos Utilidades \u2014 N\u00e3o inclui suporte de [&hellip;]<\/p>\n","protected":false},"featured_media":1740,"template":"","meta":[],"product_brand":[],"product_cat":[81,85],"product_tag":[],"class_list":{"0":"post-1563","1":"product","2":"type-product","3":"status-publish","4":"has-post-thumbnail","6":"product_cat-gerenciamento","7":"product_cat-sistemas-php","9":"first","10":"instock","11":"downloadable","12":"shipping-taxable","13":"purchasable","14":"product-type-simple"},"_links":{"self":[{"href":"https:\/\/scriptsbarato.com\/index.php?rest_route=\/wp\/v2\/product\/1563","targetHints":{"allow":["GET"]}}],"collection":[{"href":"https:\/\/scriptsbarato.com\/index.php?rest_route=\/wp\/v2\/product"}],"about":[{"href":"https:\/\/scriptsbarato.com\/index.php?rest_route=\/wp\/v2\/types\/product"}],"wp:featuredmedia":[{"embeddable":true,"href":"https:\/\/scriptsbarato.com\/index.php?rest_route=\/wp\/v2\/media\/1740"}],"wp:attachment":[{"href":"https:\/\/scriptsbarato.com\/index.php?rest_route=%2Fwp%2Fv2%2Fmedia&parent=1563"}],"wp:term":[{"taxonomy":"product_brand","embeddable":true,"href":"https:\/\/scriptsbarato.com\/index.php?rest_route=%2Fwp%2Fv2%2Fproduct_brand&post=1563"},{"taxonomy":"product_cat","embeddable":true,"href":"https:\/\/scriptsbarato.com\/index.php?rest_route=%2Fwp%2Fv2%2Fproduct_cat&post=1563"},{"taxonomy":"product_tag","embeddable":true,"href":"https:\/\/scriptsbarato.com\/index.php?rest_route=%2Fwp%2Fv2%2Fproduct_tag&post=1563"}],"curies":[{"name":"wp","href":"https:\/\/api.w.org\/{rel}","templated":true}]}}