{"id":1465,"date":"2025-09-15T12:10:51","date_gmt":"2025-09-15T15:10:51","guid":{"rendered":"https:\/\/cofresecia.com.br\/loja\/?post_type=product&#038;p=1465"},"modified":"2025-09-15T12:19:43","modified_gmt":"2025-09-15T15:19:43","slug":"site-para-iptv-wordpress","status":"publish","type":"product","link":"https:\/\/scriptsbarato.com\/?product=site-para-iptv-wordpress","title":{"rendered":"Site Para IPTV \u2013 WordPress"},"content":{"rendered":"<div>Template WordPress + Elementor ( IPTV )<\/div>\n<div><\/div>\n<div><\/div>\n<div>Site Pronto\u00a0 Completo<\/div>\n<div>Design \u00danico e Moderno<\/div>\n<div>Otimizado para Tablet e Mobile<\/div>\n<div>Template Edit\u00e1vel<\/div>\n<div>Feito com Elementor Pro<\/div>\n<div>Edite todas as coresPlugins Inclusos<\/div>\n<div>Elementor<\/div>\n<div>Elementor Pro<\/div>\n<div><\/div>\n<div>ENTREGA:<\/div>\n<div>*O Envio do Script \u00e9 feito de forma autom\u00e1tica, para efetuar a compra voc\u00ea precisa se cadastrar em nossa loja, seu produto ser\u00e1 entregue na sua conta ( \u00c1rea do Cliente )<\/div>\n<div><\/div>\n<div>Envio em at\u00e9 5 min ap\u00f3s confirma\u00e7\u00e3o do pagamento pelo banco emissor.<\/div>\n<div><\/div>\n<div>REEMBOLSO E PERSONALIZA\u00c7\u00c3O:<\/div>\n<div><\/div>\n<div>\u2013 Por se Tratar de um produto digital n\u00e3o fazemos a devolu\u00e7\u00e3o do pagamento.<\/div>\n<div><\/div>\n<div>\u2013 Este valor n\u00e3o inclui altera\u00e7\u00f5es no Script ou Instala\u00e7\u00e3o e nem suporte a usabilidade<\/div>\n<div><\/div>\n<div><\/div>\n<div>FORMATO: Digital<\/div>\n<div>ENTREGA: Autom\u00e1tica<\/div>\n<div><\/div>\n<div><\/div>\n<div><\/div>\n<div>BAIXE DIRETO AP\u00d3S A COMPRA<\/div>\n","protected":false},"excerpt":{"rendered":"<p>Template WordPress + Elementor ( IPTV ) Site Pronto\u00a0 Completo Design \u00danico e Moderno Otimizado para Tablet e Mobile Template Edit\u00e1vel Feito com Elementor Pro Edite todas as coresPlugins Inclusos Elementor Elementor Pro ENTREGA: *O Envio do Script \u00e9 feito de forma autom\u00e1tica, para efetuar a compra voc\u00ea precisa se cadastrar em nossa loja, seu [&hellip;]<\/p>\n","protected":false},"featured_media":1468,"template":"","meta":[],"product_brand":[],"product_cat":[15,77],"product_tag":[],"class_list":{"0":"post-1465","1":"product","2":"type-product","3":"status-publish","4":"has-post-thumbnail","6":"product_cat-sites-em-wordpress","7":"product_cat-app-iptv","9":"first","10":"instock","11":"downloadable","12":"shipping-taxable","13":"purchasable","14":"product-type-simple"},"_links":{"self":[{"href":"https:\/\/scriptsbarato.com\/index.php?rest_route=\/wp\/v2\/product\/1465","targetHints":{"allow":["GET"]}}],"collection":[{"href":"https:\/\/scriptsbarato.com\/index.php?rest_route=\/wp\/v2\/product"}],"about":[{"href":"https:\/\/scriptsbarato.com\/index.php?rest_route=\/wp\/v2\/types\/product"}],"wp:featuredmedia":[{"embeddable":true,"href":"https:\/\/scriptsbarato.com\/index.php?rest_route=\/wp\/v2\/media\/1468"}],"wp:attachment":[{"href":"https:\/\/scriptsbarato.com\/index.php?rest_route=%2Fwp%2Fv2%2Fmedia&parent=1465"}],"wp:term":[{"taxonomy":"product_brand","embeddable":true,"href":"https:\/\/scriptsbarato.com\/index.php?rest_route=%2Fwp%2Fv2%2Fproduct_brand&post=1465"},{"taxonomy":"product_cat","embeddable":true,"href":"https:\/\/scriptsbarato.com\/index.php?rest_route=%2Fwp%2Fv2%2Fproduct_cat&post=1465"},{"taxonomy":"product_tag","embeddable":true,"href":"https:\/\/scriptsbarato.com\/index.php?rest_route=%2Fwp%2Fv2%2Fproduct_tag&post=1465"}],"curies":[{"name":"wp","href":"https:\/\/api.w.org\/{rel}","templated":true}]}}