{"id":1449,"date":"2025-09-15T11:13:41","date_gmt":"2025-09-15T14:13:41","guid":{"rendered":"https:\/\/cofresecia.com.br\/loja\/?post_type=product&#038;p=1449"},"modified":"2025-12-06T17:00:09","modified_gmt":"2025-12-06T20:00:09","slug":"wa-sender-3-chave-de-licencas","status":"publish","type":"product","link":"https:\/\/scriptsbarato.com\/?product=wa-sender-3-chave-de-licencas","title":{"rendered":"Wa Sender 3+ Chave de Licen\u00e7as"},"content":{"rendered":"<p>WA SENDER 3.5 + CHAVE DE LICEN\u00c7AS<\/p>\n<div>\n<div>\n<p>TURBINE SUAS ESTRAT\u00c9GIAS\u00a0 APP com o Wasender Automa\u00e7\u00e3o Vital\u00edcia!<\/p>\n<p>COM GERADOR &#8211; ENVIO AUTOMATICO 3.5 2025<\/p>\n<\/div>\n<div><span style=\"color: %2523666666;\">\u00a0<\/span><\/div>\n<div>Aten\u00e7\u00e3o! N\u00e3o \u00e9 um sistema para multi-atendentes<\/div>\n<div><span style=\"color: %2523666666;\">\u00a0<\/span><\/div>\n<div>Fa\u00e7o a entrega atrav\u00e9s do email, link de acesso\u00a0 com todo o conte\u00fado.<\/div>\n<\/div>\n","protected":false},"excerpt":{"rendered":"<p>WA SENDER 3.5 + CHAVE DE LICEN\u00c7AS TURBINE SUAS ESTRAT\u00c9GIAS\u00a0 APP com o Wasender Automa\u00e7\u00e3o Vital\u00edcia! COM GERADOR &#8211; ENVIO AUTOMATICO 3.5 2025 \u00a0 Aten\u00e7\u00e3o! N\u00e3o \u00e9 um sistema para multi-atendentes \u00a0 Fa\u00e7o a entrega atrav\u00e9s do email, link de acesso\u00a0 com todo o conte\u00fado.<\/p>\n","protected":false},"featured_media":1451,"template":"","meta":[],"product_brand":[],"product_cat":[71],"product_tag":[],"class_list":{"0":"post-1449","1":"product","2":"type-product","3":"status-publish","4":"has-post-thumbnail","6":"product_cat-ferramentas","8":"first","9":"instock","10":"downloadable","11":"shipping-taxable","12":"purchasable","13":"product-type-simple"},"_links":{"self":[{"href":"https:\/\/scriptsbarato.com\/index.php?rest_route=\/wp\/v2\/product\/1449","targetHints":{"allow":["GET"]}}],"collection":[{"href":"https:\/\/scriptsbarato.com\/index.php?rest_route=\/wp\/v2\/product"}],"about":[{"href":"https:\/\/scriptsbarato.com\/index.php?rest_route=\/wp\/v2\/types\/product"}],"wp:featuredmedia":[{"embeddable":true,"href":"https:\/\/scriptsbarato.com\/index.php?rest_route=\/wp\/v2\/media\/1451"}],"wp:attachment":[{"href":"https:\/\/scriptsbarato.com\/index.php?rest_route=%2Fwp%2Fv2%2Fmedia&parent=1449"}],"wp:term":[{"taxonomy":"product_brand","embeddable":true,"href":"https:\/\/scriptsbarato.com\/index.php?rest_route=%2Fwp%2Fv2%2Fproduct_brand&post=1449"},{"taxonomy":"product_cat","embeddable":true,"href":"https:\/\/scriptsbarato.com\/index.php?rest_route=%2Fwp%2Fv2%2Fproduct_cat&post=1449"},{"taxonomy":"product_tag","embeddable":true,"href":"https:\/\/scriptsbarato.com\/index.php?rest_route=%2Fwp%2Fv2%2Fproduct_tag&post=1449"}],"curies":[{"name":"wp","href":"https:\/\/api.w.org\/{rel}","templated":true}]}}