{"id":1320,"date":"2025-09-14T10:46:25","date_gmt":"2025-09-14T13:46:25","guid":{"rendered":"https:\/\/cofresecia.com.br\/loja\/?post_type=product&#038;p=1320"},"modified":"2025-12-06T17:04:09","modified_gmt":"2025-12-06T20:04:09","slug":"sistema-pdv-controle-de-vendas-pedidos-estoque-e-mais","status":"publish","type":"product","link":"https:\/\/scriptsbarato.com\/?product=sistema-pdv-controle-de-vendas-pedidos-estoque-e-mais","title":{"rendered":"Sistema Pdv &#8211; Controle De Vendas, Pedidos, Estoque E Mais"},"content":{"rendered":"<p>Sistema PDV totalmente operacional &#8211; SEM MENSALIDADES!!!<\/p>\n<p><strong>ATEN\u00c7\u00c3O!!!<\/strong><\/p>\n<p><strong>PARA WINDOWS<\/strong><\/p>\n<p>Duas op\u00e7\u00f5es de apar\u00eancia tela escura ou clara<br \/>\nAssitam o video atrav\u00e9s do pc para v\u00ea o sistema<\/p>\n<p>F\u00e1cil de usar<br \/>\nvem com dois layouts &#8211; tela de toque e layout padr\u00e3o \/ teclado.<\/p>\n<p>A apar\u00eancia moderna e a interface do usu\u00e1rio foram projetadas para simplificar e<br \/>\nacelerar seu trabalho di\u00e1rio.<\/p>\n<p>Sem procedimentos complicados. Simplicidade verdadeira.<\/p>\n<p>Esteja voc\u00ea usando um leitor de c\u00f3digo de barras ou prefira a funcionalidade da tela de toque, o se ajusta ao seu ambiente.<br \/>\n&#8212;&#8212;&#8212;&#8212;&#8212;&#8212;&#8212;&#8212;&#8212;&#8212;&#8212;&#8212;&#8212;&#8212;&#8212;&#8212;&#8212;&#8212;&#8212;&#8212;&#8212;&#8212;&#8212;&#8212;&#8212;&#8212;&#8212;&#8212;&#8212;&#8212;&#8212;&#8212;&#8211;<br \/>\nCADASTRO<br \/>\n-Clientes<br \/>\n-Fornecedores ( cadastre seus fornecedores com contato)<br \/>\n-Produtos ( com foto, quantidade, descri\u00e7\u00e3o, grupo e subgrupo)<br \/>\n-Usu\u00e1rio\/Vendedor ( cadastramento de senha e login)<br \/>\n-Importar ( CSV OU XML)<br \/>\n-Etiqueta de pre\u00e7o ( gera etiqueta de pre\u00e7o com codigo de barra)<br \/>\n&#8211; Exportar em excel ( exporte seu estoque para excel)<\/p>\n<p>PAINEL DE CONTROLE<br \/>\n-Gr\u00e1ficos mensais ( Vendas, lucro, produtos com maiores vendas,etc)<br \/>\n-Gr\u00e1ficos semanais ( Vendas por hora, vendas totais,etc)<br \/>\n-Gr\u00e1ficos Di\u00e1rios<br \/>\n-Levantamento Lucro di\u00e1rio<br \/>\n-Fechamento de caixa<br \/>\n-Entrada e Retirada de dinheiro<br \/>\n-Gaveta de Dinheiro ( Bot\u00e3o para abertura )<\/p>\n<p>ESTOQUE<br \/>\n-Visualize os itens dispon\u00edveis e filtre por grupo de produtos<br \/>\n-Ver os n\u00edveis de estoque para o grupo de produtos selecionado<br \/>\n-Imprimir relat\u00f3rio de estoque<br \/>\n-Imprimir relat\u00f3rio de contagem de estoque<br \/>\n-Filtros r\u00e1pidos<br \/>\n-Indicadores de quantidade negativa<\/p>\n<p>RELAT\u00d3RIOS<br \/>\n-Produtos ( relat\u00f3rios com produtos mais vendidos)<br \/>\n-Vendas: Vendas por vendedor, per\u00edodo, clientes, produtos, categorias de<br \/>\nprodutos, formas de pagamento, margem de lucro e produtos mais vendidos<br \/>\n&#8211; Vendas: Resumo de vendas mensais, di\u00e1rio.<br \/>\n-Grupos de produtos ( relat\u00f3rio com grupos de produtos mais vendidos)<br \/>\n-Clientes ( Clientes que mais compraram)<br \/>\n-Meios de pagamentos ( Meios de pagamento mais utilizados, dinheiro, cart\u00e3o&#8230;)<br \/>\n-Reembolsos<br \/>\n-Lucro e Margem<br \/>\n-Venda di\u00e1rias<br \/>\n-Abertura de caixa<br \/>\n-Desconto de itens<br \/>\n-Descontos concedidos<br \/>\n-Movimento do estoque<br \/>\n-Vendas n\u00e3o pagas<br \/>\n-Caixa registradora com maiores vendas<\/p>\n<p>DESCONTOS E PROMO\u00c7\u00d5ES<br \/>\n-Maneira simples, flex\u00edvel e eficaz de aplicar descontos aos seus itens.<br \/>\n-Definir desconto fixo ou percentual<br \/>\n-Definir desconto no carrinho<br \/>\n-Definir desconto para itens especificados em um recibo<br \/>\n-Descontos predefinidos para clientes<br \/>\n-Promo\u00e7\u00f5es e happy hour<\/p>\n<p>USUARIOS E SEGURAN\u00c7A<br \/>\n-Adicione Usu\u00e1rios<br \/>\n-Redefini\u00e7\u00e3o de senhas<br \/>\n-Definir n\u00edvel de acesso para cada usu\u00e1rios<\/p>\n<p>MEIOS DE PAGAMENTO<br \/>\n-Adicione meios de pagamento opcionais como ( PIX, carn\u00ea, nota, etc&#8230;)<br \/>\n-Defina quais meios de pagamento ir\u00e1 abrir gaveta de dinheiro<br \/>\n-Totalmente edit\u00e1vel<\/p>\n<p>TAXAS DE IMPOSTO<br \/>\n-Definir Taxas de impostos para meios de pagamentos<\/p>\n<p>MINHA EMPRESA<br \/>\n&#8211; Adicione dados de sua empresa ( CNPJ, Endere\u00e7o&#8230;)<br \/>\n-Personalize seu sistema com sua LOGO empresarial<br \/>\n-Sua logo ser\u00e1 impressa no recibo<\/p>\n<p>CODIGOS DE BARRAS<\/p>\n<p>-Acelere seu trabalho com leitor de c\u00f3digo de barras padr\u00e3o ou balan\u00e7as de c\u00f3digo de barras.<\/p>\n<p>SEGURAN\u00c7A<br \/>\n-Defina diferentes n\u00edveis de acesso para cada usu\u00e1rio e proteja seus neg\u00f3cios.<\/p>\n<p>Tipos de pagamento personalizados<br \/>\n-Aceite dinheiro, cart\u00f5es de cr\u00e9dito, cheque ou qualquer tipo de pagamento que desejar. Use os tipos de pagamento com a funcionalidade de pagamento dividido ou deixe seus clientes pagarem na conta.<\/p>\n<p>Dividir Pagamentos<br \/>\nDivida os pagamentos em v\u00e1rios m\u00e9todos de pagamento. Permita que os clientes usem seus m\u00e9todos de pagamento preferidos em um \u00fanico recibo.<\/p>\n<p>Ordem de divis\u00e3o<br \/>\n-Capacidade de dividir e \/ ou transferir o pedido para outro usu\u00e1rio.<br \/>\nLealdade<\/p>\n<p>Cuide de seus clientes fi\u00e9is. Definir descontos predefinidos para itens ou grupos de itens<\/p>\n<p>Promo\u00e7\u00f5es e happy hour<br \/>\n-Programe e selecione os dias da semana em que a promo\u00e7\u00e3o ser\u00e1 realizada. Aplique tarifas especiais a produtos ou grupos e use descontos ou pre\u00e7o fixo.<\/p>\n<p>Recibos personalizados<br \/>\n-Personalize os recibos com o seu logotipo, site ou um texto personalizado.<br \/>\nComercial<\/p>\n<p>Fa\u00e7a login usando o leitor de cart\u00e3o ou senha.<br \/>\n-Equipamentos de PDV especializados com leitores de cart\u00e3o embutidos ir\u00e3o garantir e agilizar suas opera\u00e7\u00f5es di\u00e1rias.<\/p>\n<p>Pagamentos de cr\u00e9dito<br \/>\nMantenha seus clientes fi\u00e9is com pagamentos de cr\u00e9dito.<\/p>\n<p>Cadastramento de produtos:<br \/>\nCom nosso sistema voc\u00ea cadastra os seus produtos de maneira simples e eficaz, permitindo adicionar fotos, descri\u00e7\u00e3o, quantidade, pre\u00e7o e toda informa\u00e7\u00e3o necess\u00e1ria. dispon\u00edvel op\u00e7\u00e3o de pre\u00e7o de custo, essa ferramenta faz o calculo autom\u00e1tico para voc\u00ea de quanto voc\u00ea precisa vender o seu produto para lucrar 100% ( Foto no anuncio)<\/p>\n<p>Com nosso sistema voc\u00ea pode gerar c\u00f3digo de barra para cada produto em seu estoque e tamb\u00e9m gerar etiquetas com o c\u00f3digo de barra para colar e organizar seu estoque de acordo com seu sistema, cada c\u00f3digo \u00e9 diferente um do outro permitindo que voc\u00ea possa localizar o seu produto com leitor de c\u00f3digo de barras ( foto no anuncio)<\/p>\n<p>Cadastramento de cliente permite que voc\u00ea registre Nome, cpf, email, telefone de cada cliente que realizou uma venda, assim voc\u00ea tem op\u00e7\u00f5es de cart\u00e3o de fidelidade para descontos futuros. As informa\u00e7\u00f5es cadastradas de cada cliente ir\u00e1 sair no recibo gerado ap\u00f3s a venda. Tamb\u00e9m \u00e9 poss\u00edvel gerar um relat\u00f3rio para ranking de clientes que mais comprou com voc\u00ea. ( foto no anuncio)<\/p>\n<p>Ap\u00f3s cada venda ser\u00e1 guiado para aba de op\u00e7\u00f5es de pagamento em que voc\u00ea seleciona o m\u00e9todo de pagamento ( Dinheiro, cart\u00e3o de cr\u00e9dito, debito, PIX, etc..)<br \/>\ncada meio de pagamento \u00e9 poss\u00edvel adicionar custos extras como taxas de cart\u00e3o de cr\u00e9dito ( foto no anuncio)<\/p>\n<p>Ser\u00e1 informado 4 meios de gerar o recibo para o cliente imprimir recibo, Imprimir fatura, gerar pdf e uma novidade que \u00e9 enviar o recibo para o e-mail do cliente cadastrado. ( Foto no anuncio)<\/p>\n<p>Personalize seu recibo escolhe quais informa\u00e7\u00f5es ir\u00e1 imprimir no recibo do seu cliente<\/p>\n<p>-MODO ESCURO E CLARO<br \/>\n-MODO TOUCH SCREEN<br \/>\n-DISPLAY PARA CLIENTE<br \/>\nConfigure uma tela exclusiva para seu cliente olhar o pedido enquanto est\u00e1 comprando!<\/p>\n<p>Sistema para diversos seguimentos<br \/>\n-Bares<br \/>\n-Restaurantes<br \/>\n-Hamb\u00fargueria<br \/>\n-Farm\u00e1cia<br \/>\n-Loja de Roupas<br \/>\n-Supermercado<br \/>\n-Gr\u00e1fica<br \/>\n-Clinica<br \/>\n-Lanchonetes<br \/>\n-Inform\u00e1tica<br \/>\netc&#8230;&#8230;<\/p>\n<p>&#8212;&#8212;&#8212;&#8212;&#8212;&#8212;&#8212;&#8212;&#8212;&#8212;&#8212;&#8212;&#8212;&#8212;&#8212;&#8212;&#8212;&#8212;&#8212;&#8212;&#8212;&#8212;&#8211;<\/p>\n<p>** PERGUNTAS FREQUENTES ***<\/p>\n<p>0) Quantos computadores posso instalar.<br \/>\nR: A licen\u00e7a vale para apenas 1 computador<\/p>\n<p>1) Em qual vers\u00e3o do Windows o sistema funciona?<br \/>\nR: A partir da vers\u00e3o do Windows Vista ou superior<\/p>\n<p>2) Se eu formatar o computador, perderei minha licen\u00e7a e terei que comprar outra?<br \/>\nR: N\u00e3o. Basta manter seu backup em dia em em local seguro que, caso necessite formatar seu computador, basta instalar o sistema novamente e restaurar o backup que o sistema voltar\u00e1 a funcionar como antes.<\/p>\n<p>3) Esse sistema emite nota ou cupom fiscal?<br \/>\nR: N\u00e3o. Esse sistema emite comprovantes de venda de produtos, inclusive em cupons, mas N\u00c3O \u00e9 um programa fiscal. Voc\u00ea deve emitir suas notas fiscais de outra maneira que n\u00e3o seja pelo sistema.<\/p>\n<p>4) O sistema imprime comprovante de venda em impressora t\u00e9rmica de 58mm (aquela do tamanho de comprovante de cart\u00e3o de d\u00e9bito\/cr\u00e9dito)?<br \/>\nR: Sim.<\/p>\n<p>5) Porque o pre\u00e7o do sistema \u00e9 t\u00e3o baixo, praticamente simb\u00f3lico, tendo em vista suas funcionalidades e qualidade?<br \/>\nR: O sistema \u00e9 est\u00e1vel, ou seja, para o uso rotineiro de um estabelecimento pequeno ou m\u00e9dio, n\u00e3o necessita de evolu\u00e7\u00e3o ao fima a que se destina, logo n\u00e3o h\u00e1 necessidade de manuten\u00e7\u00e3o mensal.<br \/>\nN\u00e3o possu\u00edmos uma estrutura dedicada ao suporte desse sistema.<\/p>\n<p>6) \u00e9 Dificil de usar?<br \/>\nR: N\u00e3o. O sistema \u00e9 extremamente simples de utilizar por\u00e9m com fun\u00e7\u00f5es incriveis. Nosso sistema acompanha Manual de uso com todas as fun\u00e7\u00f5es descritas em texto e video!<\/p>\n<p>&#8212;&#8212;&#8212;&#8212;&#8212;&#8212;&#8212;&#8212;&#8212;&#8212;&#8212;-<\/p>\n<div>#Nosso sistema acompanha Manual de uso com todas as fun\u00e7\u00f5es descritas em texto e v\u00eddeo!<\/div>\n<div><\/div>\n<div>\n<p><iframe title=\"Sistema Pdv - Controle De Vendas, Pedidos, Estoque E Mais!!!\" width=\"800\" height=\"450\" src=\"https:\/\/www.youtube.com\/embed\/jGB-rasEZBk?start=3&#038;feature=oembed\" frameborder=\"0\" allow=\"accelerometer; autoplay; clipboard-write; encrypted-media; gyroscope; picture-in-picture; web-share\" referrerpolicy=\"strict-origin-when-cross-origin\" allowfullscreen><\/iframe><\/p>\n<\/div>\n","protected":false},"excerpt":{"rendered":"<p>Sistema PDV totalmente operacional &#8211; SEM MENSALIDADES!!! ATEN\u00c7\u00c3O!!! PARA WINDOWS Duas op\u00e7\u00f5es de apar\u00eancia tela escura ou clara Assitam o video atrav\u00e9s do pc para v\u00ea o sistema F\u00e1cil de usar vem com dois layouts &#8211; tela de toque e layout padr\u00e3o \/ teclado. A apar\u00eancia moderna e a interface do usu\u00e1rio foram projetadas para [&hellip;]<\/p>\n","protected":false},"featured_media":1322,"template":"","meta":[],"product_brand":[],"product_cat":[81],"product_tag":[],"class_list":{"0":"post-1320","1":"product","2":"type-product","3":"status-publish","4":"has-post-thumbnail","6":"product_cat-gerenciamento","8":"first","9":"instock","10":"downloadable","11":"shipping-taxable","12":"purchasable","13":"product-type-simple"},"_links":{"self":[{"href":"https:\/\/scriptsbarato.com\/index.php?rest_route=\/wp\/v2\/product\/1320","targetHints":{"allow":["GET"]}}],"collection":[{"href":"https:\/\/scriptsbarato.com\/index.php?rest_route=\/wp\/v2\/product"}],"about":[{"href":"https:\/\/scriptsbarato.com\/index.php?rest_route=\/wp\/v2\/types\/product"}],"wp:featuredmedia":[{"embeddable":true,"href":"https:\/\/scriptsbarato.com\/index.php?rest_route=\/wp\/v2\/media\/1322"}],"wp:attachment":[{"href":"https:\/\/scriptsbarato.com\/index.php?rest_route=%2Fwp%2Fv2%2Fmedia&parent=1320"}],"wp:term":[{"taxonomy":"product_brand","embeddable":true,"href":"https:\/\/scriptsbarato.com\/index.php?rest_route=%2Fwp%2Fv2%2Fproduct_brand&post=1320"},{"taxonomy":"product_cat","embeddable":true,"href":"https:\/\/scriptsbarato.com\/index.php?rest_route=%2Fwp%2Fv2%2Fproduct_cat&post=1320"},{"taxonomy":"product_tag","embeddable":true,"href":"https:\/\/scriptsbarato.com\/index.php?rest_route=%2Fwp%2Fv2%2Fproduct_tag&post=1320"}],"curies":[{"name":"wp","href":"https:\/\/api.w.org\/{rel}","templated":true}]}}